{"id":186,"date":"2021-10-19T15:10:59","date_gmt":"2021-10-19T15:10:59","guid":{"rendered":"https:\/\/livinglab.younglivingacademy.edu.ec\/?page_id=186"},"modified":"2022-02-25T15:10:12","modified_gmt":"2022-02-25T15:10:12","slug":"flor-de-aji","status":"publish","type":"page","link":"https:\/\/livinglab.younglivingacademy.edu.ec\/en\/especies-de-bosque-seco\/flor-de-aji\/","title":{"rendered":"Flor de aj\u00ed"},"content":{"rendered":"<div id=\"white-text\" class=\"vc_row wpb_row vc_row-fluid white-text vc_custom_1634656485169 vc_row-has-fill\"><div class=\"wpb_column vc_column_container vc_col-sm-12\"><div class=\"vc_column-inner vc_custom_1634132864946\"><div class=\"wpb_wrapper\">\n\t<div class=\"wpb_text_column wpb_content_element \" >\n\t\t<div class=\"wpb_wrapper\">\n\t\t\t<h1 style=\"text-align: center; letter-spacing: 0.2em;\"><span style=\"font-family: gt;\">Flor de aj\u00ed<\/span><\/h1>\n<h3 style=\"text-align: center; letter-spacing: 0.1em;\"><em><span style=\"font-family: gt;\">Malvaviscus arboreus<\/span><\/em><\/h3>\n\n\t\t<\/div>\n\t<\/div>\n<\/div><\/div><\/div><\/div><div class=\"vc_row wpb_row vc_row-fluid vc_custom_1634091121417\"><div class=\"wpb_column vc_column_container vc_col-sm-2\/5\"><div class=\"vc_column-inner\"><div class=\"wpb_wrapper\">\n\t<div  class=\"wpb_single_image wpb_content_element vc_align_center\">\n\t\t\n\t\t<figure class=\"wpb_wrapper vc_figure\">\n\t\t\t<a class=\"\" data-lightbox=\"lightbox[rel-186-883693283]\" href=\"https:\/\/livinglab.younglivingacademy.edu.ec\/wp-content\/uploads\/2021\/10\/aji.jpg\" target=\"_self\" class=\"vc_single_image-wrapper   vc_box_border_grey\"><img loading=\"lazy\" decoding=\"async\" width=\"995\" height=\"663\" src=\"https:\/\/livinglab.younglivingacademy.edu.ec\/wp-content\/uploads\/2021\/10\/aji.jpg\" class=\"vc_single_image-img attachment-full\" alt=\"\" srcset=\"https:\/\/livinglab.younglivingacademy.edu.ec\/wp-content\/uploads\/2021\/10\/aji.jpg 995w, https:\/\/livinglab.younglivingacademy.edu.ec\/wp-content\/uploads\/2021\/10\/aji-300x200.jpg 300w, https:\/\/livinglab.younglivingacademy.edu.ec\/wp-content\/uploads\/2021\/10\/aji-768x512.jpg 768w\" sizes=\"auto, (max-width: 995px) 100vw, 995px\" \/><\/a>\n\t\t<\/figure>\n\t<\/div>\n<\/div><\/div><\/div><div class=\"wpb_column vc_column_container vc_col-sm-3\/5\"><div class=\"vc_column-inner\"><div class=\"wpb_wrapper\">\n\t<div class=\"wpb_text_column wpb_content_element \" >\n\t\t<div class=\"wpb_wrapper\">\n\t\t\t<p><strong>Descripci\u00f3n<\/strong><br \/>\nEs una\u00a0especie\u00a0de\u00a0\u00e1rbol\u00a0perteneciente a la familia de las\u00a0malv\u00e1ceas, es conocido en Latinoam\u00e9rica como falso hibisco, hibisco colibr\u00ed (por la capacidad para atraer a este animal).<br \/>\nEs un arbusto que alcanza un tama\u00f1o de 1.50 a 3 m de altura. Las hojas son m\u00e1s anchas en las base o en forma de coraz\u00f3n y el borde tiene dientes suaves o marcados y cubiertos de pelos estrellados. Las flores brotan en la uni\u00f3n de la hoja con el tallo, son de color rojo, de 3 a 6 cm de largo y con los estambres muy salientes, sobrepasando la corola que casi siempre est\u00e1 cerrada.<br \/>\nAhora es popular en cultivo como\u00a0planta ornamental. Sus flores no se abren totalmente y ayudan a atraer\u00a0mariposas\u00a0y\u00a0colibr\u00edes.<\/p>\n<p><strong>Etnobot\u00e1nica<\/strong><br \/>\nes reconocida en la cultura popular de algunos pa\u00edses por sus beneficios para pacientes con enfermedades nerviosas, respiratorias o estomacales. Agentes antimut\u00e1genos, antitumorales y anticancer\u00edgenos, hacen de M. arboreus una especie promisoria para la fabricaci\u00f3n de nuevos medicamentos para tratar el c\u00e1ncer, las neoplasias y los tumores, entre otras enfermedades.<\/p>\n\n\t\t<\/div>\n\t<\/div>\n<\/div><\/div><\/div><\/div><div id=\"visita\" class=\"vc_row wpb_row vc_row-fluid vc_custom_1634070825739 vc_row-has-fill\"><div class=\"wpb_column vc_column_container vc_col-sm-12 vc_hidden-lg vc_hidden-md vc_hidden-sm vc_hidden-xs\"><div class=\"vc_column-inner\"><div class=\"wpb_wrapper\">\n\t<div class=\"wpb_text_column wpb_content_element \" >\n\t\t<div class=\"wpb_wrapper\">\n\t\t\t<p>\u00bfQuieres visitar el Living Lab Young Living Academy?<\/p>\n<p>Invitamos a instituciones educativas a que visiten este valioso espacio de Young Living Academy.<\/p>\n<p>Para coordinar una visita, escr\u00edbenos a info@fundacionyoungliving.org<\/p>\n\n\t\t<\/div>\n\t<\/div>\n<\/div><\/div><\/div><\/div>\n","protected":false},"excerpt":{"rendered":"Flor de aj\u00ed Malvaviscus arboreus Descripci\u00f3n Es una\u00a0especie\u00a0de\u00a0\u00e1rbol\u00a0perteneciente a la familia de las\u00a0malv\u00e1ceas, es conocido en Latinoam\u00e9rica como falso hibisco, hibisco colibr\u00ed (por la capacidad para atraer a este animal).\u2026","protected":false},"author":1,"featured_media":0,"parent":76,"menu_order":0,"comment_status":"closed","ping_status":"closed","template":"page-templates\/template-sinatra-fullwidth.php","meta":{"footnotes":""},"class_list":["post-186","page","type-page","status-publish","hentry"],"yoast_head":"<!-- This site is optimized with the Yoast SEO plugin v27.2 - https:\/\/yoast.com\/product\/yoast-seo-wordpress\/ -->\n<title>Flor de aj\u00ed - Living Lab<\/title>\n<meta name=\"robots\" content=\"index, follow, max-snippet:-1, max-image-preview:large, max-video-preview:-1\" \/>\n<link rel=\"canonical\" href=\"https:\/\/livinglab.younglivingacademy.edu.ec\/en\/especies-de-bosque-seco\/flor-de-aji\/\" \/>\n<meta property=\"og:locale\" content=\"en_US\" \/>\n<meta property=\"og:type\" content=\"article\" \/>\n<meta property=\"og:title\" content=\"Flor de aj\u00ed - Living Lab\" \/>\n<meta property=\"og:url\" content=\"https:\/\/livinglab.younglivingacademy.edu.ec\/en\/especies-de-bosque-seco\/flor-de-aji\/\" \/>\n<meta property=\"og:site_name\" content=\"Living Lab\" \/>\n<meta property=\"article:modified_time\" content=\"2022-02-25T15:10:12+00:00\" \/>\n<meta name=\"twitter:card\" content=\"summary_large_image\" \/>\n<meta name=\"twitter:label1\" content=\"Est. reading time\" \/>\n\t<meta name=\"twitter:data1\" content=\"1 minute\" \/>\n<script type=\"application\/ld+json\" class=\"yoast-schema-graph\">{\"@context\":\"https:\/\/schema.org\",\"@graph\":[{\"@type\":\"WebPage\",\"@id\":\"https:\/\/livinglab.younglivingacademy.edu.ec\/en\/especies-de-bosque-seco\/flor-de-aji\/\",\"url\":\"https:\/\/livinglab.younglivingacademy.edu.ec\/en\/especies-de-bosque-seco\/flor-de-aji\/\",\"name\":\"Flor de aj\u00ed - Living Lab\",\"isPartOf\":{\"@id\":\"https:\/\/livinglab.younglivingacademy.edu.ec\/#website\"},\"datePublished\":\"2021-10-19T15:10:59+00:00\",\"dateModified\":\"2022-02-25T15:10:12+00:00\",\"breadcrumb\":{\"@id\":\"https:\/\/livinglab.younglivingacademy.edu.ec\/en\/especies-de-bosque-seco\/flor-de-aji\/#breadcrumb\"},\"inLanguage\":\"en-US\",\"potentialAction\":[{\"@type\":\"ReadAction\",\"target\":[\"https:\/\/livinglab.younglivingacademy.edu.ec\/en\/especies-de-bosque-seco\/flor-de-aji\/\"]}]},{\"@type\":\"BreadcrumbList\",\"@id\":\"https:\/\/livinglab.younglivingacademy.edu.ec\/en\/especies-de-bosque-seco\/flor-de-aji\/#breadcrumb\",\"itemListElement\":[{\"@type\":\"ListItem\",\"position\":1,\"name\":\"Home\",\"item\":\"https:\/\/livinglab.younglivingacademy.edu.ec\/\"},{\"@type\":\"ListItem\",\"position\":2,\"name\":\"Especies de Bosque Seco\",\"item\":\"https:\/\/livinglab.younglivingacademy.edu.ec\/especies-de-bosque-seco\/\"},{\"@type\":\"ListItem\",\"position\":3,\"name\":\"Flor de aj\u00ed\"}]},{\"@type\":\"WebSite\",\"@id\":\"https:\/\/livinglab.younglivingacademy.edu.ec\/#website\",\"url\":\"https:\/\/livinglab.younglivingacademy.edu.ec\/\",\"name\":\"Living Lab\",\"description\":\"Living Lab Young Living Academy\",\"publisher\":{\"@id\":\"https:\/\/livinglab.younglivingacademy.edu.ec\/#organization\"},\"potentialAction\":[{\"@type\":\"SearchAction\",\"target\":{\"@type\":\"EntryPoint\",\"urlTemplate\":\"https:\/\/livinglab.younglivingacademy.edu.ec\/?s={search_term_string}\"},\"query-input\":{\"@type\":\"PropertyValueSpecification\",\"valueRequired\":true,\"valueName\":\"search_term_string\"}}],\"inLanguage\":\"en-US\"},{\"@type\":\"Organization\",\"@id\":\"https:\/\/livinglab.younglivingacademy.edu.ec\/#organization\",\"name\":\"Living Lab\",\"url\":\"https:\/\/livinglab.younglivingacademy.edu.ec\/\",\"logo\":{\"@type\":\"ImageObject\",\"inLanguage\":\"en-US\",\"@id\":\"https:\/\/livinglab.younglivingacademy.edu.ec\/#\/schema\/logo\/image\/\",\"url\":\"https:\/\/livinglab.younglivingacademy.edu.ec\/wp-content\/uploads\/2021\/10\/YLA-logoblack.png\",\"contentUrl\":\"https:\/\/livinglab.younglivingacademy.edu.ec\/wp-content\/uploads\/2021\/10\/YLA-logoblack.png\",\"width\":712,\"height\":268,\"caption\":\"Living Lab\"},\"image\":{\"@id\":\"https:\/\/livinglab.younglivingacademy.edu.ec\/#\/schema\/logo\/image\/\"}}]}<\/script>\n<!-- \/ Yoast SEO plugin. -->","yoast_head_json":{"title":"Flor de aj\u00ed - Living Lab","robots":{"index":"index","follow":"follow","max-snippet":"max-snippet:-1","max-image-preview":"max-image-preview:large","max-video-preview":"max-video-preview:-1"},"canonical":"https:\/\/livinglab.younglivingacademy.edu.ec\/en\/especies-de-bosque-seco\/flor-de-aji\/","og_locale":"en_US","og_type":"article","og_title":"Flor de aj\u00ed - Living Lab","og_url":"https:\/\/livinglab.younglivingacademy.edu.ec\/en\/especies-de-bosque-seco\/flor-de-aji\/","og_site_name":"Living Lab","article_modified_time":"2022-02-25T15:10:12+00:00","twitter_card":"summary_large_image","twitter_misc":{"Est. reading time":"1 minute"},"schema":{"@context":"https:\/\/schema.org","@graph":[{"@type":"WebPage","@id":"https:\/\/livinglab.younglivingacademy.edu.ec\/en\/especies-de-bosque-seco\/flor-de-aji\/","url":"https:\/\/livinglab.younglivingacademy.edu.ec\/en\/especies-de-bosque-seco\/flor-de-aji\/","name":"Flor de aj\u00ed - Living Lab","isPartOf":{"@id":"https:\/\/livinglab.younglivingacademy.edu.ec\/#website"},"datePublished":"2021-10-19T15:10:59+00:00","dateModified":"2022-02-25T15:10:12+00:00","breadcrumb":{"@id":"https:\/\/livinglab.younglivingacademy.edu.ec\/en\/especies-de-bosque-seco\/flor-de-aji\/#breadcrumb"},"inLanguage":"en-US","potentialAction":[{"@type":"ReadAction","target":["https:\/\/livinglab.younglivingacademy.edu.ec\/en\/especies-de-bosque-seco\/flor-de-aji\/"]}]},{"@type":"BreadcrumbList","@id":"https:\/\/livinglab.younglivingacademy.edu.ec\/en\/especies-de-bosque-seco\/flor-de-aji\/#breadcrumb","itemListElement":[{"@type":"ListItem","position":1,"name":"Home","item":"https:\/\/livinglab.younglivingacademy.edu.ec\/"},{"@type":"ListItem","position":2,"name":"Especies de Bosque Seco","item":"https:\/\/livinglab.younglivingacademy.edu.ec\/especies-de-bosque-seco\/"},{"@type":"ListItem","position":3,"name":"Flor de aj\u00ed"}]},{"@type":"WebSite","@id":"https:\/\/livinglab.younglivingacademy.edu.ec\/#website","url":"https:\/\/livinglab.younglivingacademy.edu.ec\/","name":"Living Lab","description":"Living Lab Young Living Academy","publisher":{"@id":"https:\/\/livinglab.younglivingacademy.edu.ec\/#organization"},"potentialAction":[{"@type":"SearchAction","target":{"@type":"EntryPoint","urlTemplate":"https:\/\/livinglab.younglivingacademy.edu.ec\/?s={search_term_string}"},"query-input":{"@type":"PropertyValueSpecification","valueRequired":true,"valueName":"search_term_string"}}],"inLanguage":"en-US"},{"@type":"Organization","@id":"https:\/\/livinglab.younglivingacademy.edu.ec\/#organization","name":"Living Lab","url":"https:\/\/livinglab.younglivingacademy.edu.ec\/","logo":{"@type":"ImageObject","inLanguage":"en-US","@id":"https:\/\/livinglab.younglivingacademy.edu.ec\/#\/schema\/logo\/image\/","url":"https:\/\/livinglab.younglivingacademy.edu.ec\/wp-content\/uploads\/2021\/10\/YLA-logoblack.png","contentUrl":"https:\/\/livinglab.younglivingacademy.edu.ec\/wp-content\/uploads\/2021\/10\/YLA-logoblack.png","width":712,"height":268,"caption":"Living Lab"},"image":{"@id":"https:\/\/livinglab.younglivingacademy.edu.ec\/#\/schema\/logo\/image\/"}}]}},"_links":{"self":[{"href":"https:\/\/livinglab.younglivingacademy.edu.ec\/en\/wp-json\/wp\/v2\/pages\/186","targetHints":{"allow":["GET"]}}],"collection":[{"href":"https:\/\/livinglab.younglivingacademy.edu.ec\/en\/wp-json\/wp\/v2\/pages"}],"about":[{"href":"https:\/\/livinglab.younglivingacademy.edu.ec\/en\/wp-json\/wp\/v2\/types\/page"}],"author":[{"embeddable":true,"href":"https:\/\/livinglab.younglivingacademy.edu.ec\/en\/wp-json\/wp\/v2\/users\/1"}],"replies":[{"embeddable":true,"href":"https:\/\/livinglab.younglivingacademy.edu.ec\/en\/wp-json\/wp\/v2\/comments?post=186"}],"version-history":[{"count":7,"href":"https:\/\/livinglab.younglivingacademy.edu.ec\/en\/wp-json\/wp\/v2\/pages\/186\/revisions"}],"predecessor-version":[{"id":412,"href":"https:\/\/livinglab.younglivingacademy.edu.ec\/en\/wp-json\/wp\/v2\/pages\/186\/revisions\/412"}],"up":[{"embeddable":true,"href":"https:\/\/livinglab.younglivingacademy.edu.ec\/en\/wp-json\/wp\/v2\/pages\/76"}],"wp:attachment":[{"href":"https:\/\/livinglab.younglivingacademy.edu.ec\/en\/wp-json\/wp\/v2\/media?parent=186"}],"curies":[{"name":"wp","href":"https:\/\/api.w.org\/{rel}","templated":true}]}}

Flor de ají

<div id="white-text" class="vc_row wpb_row vc_row-fluid white-text vc_custom_1634656485169 vc_row-has-fill"><div class="wpb_column vc_column_container vc_col-sm-12"><div class="vc_column-inner vc_custom_1634132864946"><div class="wpb_wrapper">
	<div class="wpb_text_column wpb_content_element " >
		<div class="wpb_wrapper">
			<h1 style="text-align: center; letter-spacing: 0.2em;"><span style="font-family: gt;">Flor de ají</span></h1>
<h3 style="text-align: center; letter-spacing: 0.1em;"><em><span style="font-family: gt;">Malvaviscus arboreus</span></em></h3>

		</div>
	</div>
</div></div></div></div><div class="vc_row wpb_row vc_row-fluid vc_custom_1634091121417"><div class="wpb_column vc_column_container vc_col-sm-2/5"><div class="vc_column-inner"><div class="wpb_wrapper">
	<div  class="wpb_single_image wpb_content_element vc_align_center">
		
		<figure class="wpb_wrapper vc_figure">
			<a class="" data-lightbox="lightbox[rel-186-883693283]" href="https://livinglab.younglivingacademy.edu.ec/wp-content/uploads/2021/10/aji.jpg" target="_self" class="vc_single_image-wrapper   vc_box_border_grey"><img loading="lazy" decoding="async" width="995" height="663" src="https://livinglab.younglivingacademy.edu.ec/wp-content/uploads/2021/10/aji.jpg" class="vc_single_image-img attachment-full" alt="" srcset="https://livinglab.younglivingacademy.edu.ec/wp-content/uploads/2021/10/aji.jpg 995w, https://livinglab.younglivingacademy.edu.ec/wp-content/uploads/2021/10/aji-300x200.jpg 300w, https://livinglab.younglivingacademy.edu.ec/wp-content/uploads/2021/10/aji-768x512.jpg 768w" sizes="auto, (max-width: 995px) 100vw, 995px" /></a>
		</figure>
	</div>
</div></div></div><div class="wpb_column vc_column_container vc_col-sm-3/5"><div class="vc_column-inner"><div class="wpb_wrapper">
	<div class="wpb_text_column wpb_content_element " >
		<div class="wpb_wrapper">
			<p><strong>Descripción</strong><br />
Es una especie de árbol perteneciente a la familia de las malváceas, es conocido en Latinoamérica como falso hibisco, hibisco colibrí (por la capacidad para atraer a este animal).<br />
Es un arbusto que alcanza un tamaño de 1.50 a 3 m de altura. Las hojas son más anchas en las base o en forma de corazón y el borde tiene dientes suaves o marcados y cubiertos de pelos estrellados. Las flores brotan en la unión de la hoja con el tallo, son de color rojo, de 3 a 6 cm de largo y con los estambres muy salientes, sobrepasando la corola que casi siempre está cerrada.<br />
Ahora es popular en cultivo como planta ornamental. Sus flores no se abren totalmente y ayudan a atraer mariposas y colibríes.</p>
<p><strong>Etnobotánica</strong><br />
es reconocida en la cultura popular de algunos países por sus beneficios para pacientes con enfermedades nerviosas, respiratorias o estomacales. Agentes antimutágenos, antitumorales y anticancerígenos, hacen de M. arboreus una especie promisoria para la fabricación de nuevos medicamentos para tratar el cáncer, las neoplasias y los tumores, entre otras enfermedades.</p>

		</div>
	</div>
</div></div></div></div><div id="visita" class="vc_row wpb_row vc_row-fluid vc_custom_1634070825739 vc_row-has-fill"><div class="wpb_column vc_column_container vc_col-sm-12 vc_hidden-lg vc_hidden-md vc_hidden-sm vc_hidden-xs"><div class="vc_column-inner"><div class="wpb_wrapper">
	<div class="wpb_text_column wpb_content_element " >
		<div class="wpb_wrapper">
			<p>¿Quieres visitar el Living Lab Young Living Academy?</p>
<p>Invitamos a instituciones educativas a que visiten este valioso espacio de Young Living Academy.</p>
<p>Para coordinar una visita, escríbenos a info@fundacionyoungliving.org</p>

		</div>
	</div>
</div></div></div></div>

Flor de ají Malvaviscus arboreus Descripción Es una especie de árbol perteneciente a la familia de las malváceas, es conocido en Latinoamérica como falso hibisco, hibisco colibrí (por la capacidad para atraer a este animal).…

<!-- This site is optimized with the Yoast SEO plugin v27.2 - https://yoast.com/product/yoast-seo-wordpress/ -->
<title>Flor de ají - Living Lab</title>
<meta name="robots" content="index, follow, max-snippet:-1, max-image-preview:large, max-video-preview:-1" />
<link rel="canonical" href="https://livinglab.younglivingacademy.edu.ec/en/especies-de-bosque-seco/flor-de-aji/" />
<meta property="og:locale" content="en_US" />
<meta property="og:type" content="article" />
<meta property="og:title" content="Flor de ají - Living Lab" />
<meta property="og:url" content="https://livinglab.younglivingacademy.edu.ec/en/especies-de-bosque-seco/flor-de-aji/" />
<meta property="og:site_name" content="Living Lab" />
<meta property="article:modified_time" content="2022-02-25T15:10:12+00:00" />
<meta name="twitter:card" content="summary_large_image" />
<meta name="twitter:label1" content="Est. reading time" />
	<meta name="twitter:data1" content="1 minute" />
<script type="application/ld+json" class="yoast-schema-graph">{"@context":"https://schema.org","@graph":[{"@type":"WebPage","@id":"https://livinglab.younglivingacademy.edu.ec/en/especies-de-bosque-seco/flor-de-aji/","url":"https://livinglab.younglivingacademy.edu.ec/en/especies-de-bosque-seco/flor-de-aji/","name":"Flor de ají - Living Lab","isPartOf":{"@id":"https://livinglab.younglivingacademy.edu.ec/#website"},"datePublished":"2021-10-19T15:10:59+00:00","dateModified":"2022-02-25T15:10:12+00:00","breadcrumb":{"@id":"https://livinglab.younglivingacademy.edu.ec/en/especies-de-bosque-seco/flor-de-aji/#breadcrumb"},"inLanguage":"en-US","potentialAction":[{"@type":"ReadAction","target":["https://livinglab.younglivingacademy.edu.ec/en/especies-de-bosque-seco/flor-de-aji/"]}]},{"@type":"BreadcrumbList","@id":"https://livinglab.younglivingacademy.edu.ec/en/especies-de-bosque-seco/flor-de-aji/#breadcrumb","itemListElement":[{"@type":"ListItem","position":1,"name":"Home","item":"https://livinglab.younglivingacademy.edu.ec/"},{"@type":"ListItem","position":2,"name":"Especies de Bosque Seco","item":"https://livinglab.younglivingacademy.edu.ec/especies-de-bosque-seco/"},{"@type":"ListItem","position":3,"name":"Flor de ají"}]},{"@type":"WebSite","@id":"https://livinglab.younglivingacademy.edu.ec/#website","url":"https://livinglab.younglivingacademy.edu.ec/","name":"Living Lab","description":"Living Lab Young Living Academy","publisher":{"@id":"https://livinglab.younglivingacademy.edu.ec/#organization"},"potentialAction":[{"@type":"SearchAction","target":{"@type":"EntryPoint","urlTemplate":"https://livinglab.younglivingacademy.edu.ec/?s={search_term_string}"},"query-input":{"@type":"PropertyValueSpecification","valueRequired":true,"valueName":"search_term_string"}}],"inLanguage":"en-US"},{"@type":"Organization","@id":"https://livinglab.younglivingacademy.edu.ec/#organization","name":"Living Lab","url":"https://livinglab.younglivingacademy.edu.ec/","logo":{"@type":"ImageObject","inLanguage":"en-US","@id":"https://livinglab.younglivingacademy.edu.ec/#/schema/logo/image/","url":"https://livinglab.younglivingacademy.edu.ec/wp-content/uploads/2021/10/YLA-logoblack.png","contentUrl":"https://livinglab.younglivingacademy.edu.ec/wp-content/uploads/2021/10/YLA-logoblack.png","width":712,"height":268,"caption":"Living Lab"},"image":{"@id":"https://livinglab.younglivingacademy.edu.ec/#/schema/logo/image/"}}]}</script>
<!-- / Yoast SEO plugin. -->

Flor de ají - Living Lab
